{"id":175,"date":"2024-06-17T14:21:48","date_gmt":"2024-06-17T14:21:48","guid":{"rendered":"https:\/\/medstore.nouthemes.com\/?page_id=175"},"modified":"2025-02-11T11:19:57","modified_gmt":"2025-02-11T08:19:57","slug":"contact","status":"publish","type":"page","link":"https:\/\/demo.wt.tr\/eticaret-2\/contact\/","title":{"rendered":"Contact"},"content":{"rendered":"<div class=\"wpb-content-wrapper\"><p>[vc_row css=&#8221;.vc_custom_1718715744359{margin-bottom: 100px !important;}&#8221;][vc_column width=&#8221;1\/3&#8243; css=&#8221;.vc_custom_1718716065838{padding-right: 30px !important;}&#8221;]\t\t\t<div class=\"shortcode-title flex flex-col gap-3 \">\n\t                                <h2 class=\"no-more-class shortcode-title__top font-bold\" data-text-color=\"#223680\">Bizimle ileti\u015fime ge\u00e7in<\/h2>\n                \t            <p class=\"shortcode-title_bottom\">Sizden haber almak isteriz. Ekibimiz her zaman sohbete haz\u0131rd\u0131r.<\/p>\t        <\/div>\n\t\t\t[vc_separator color=&#8221;custom&#8221; border_width=&#8221;2&#8243; css=&#8221;.vc_custom_1718634757521{margin-top: 40px !important;margin-bottom: 40px !important;}&#8221; accent_color=&#8221;#f6f6f6&#8243;]\t\t\t<div id=\"hotline-69ea8fab2fcc3\" class=\"shortcode-hotline flex items-center gap-3 \">\n                <svg xmlns=\"http:\/\/www.w3.org\/2000\/svg\" width=\"36\" height=\"37\" viewBox=\"0 0 36 37\" fill=\"none\">\n                    <path d=\"M21 3.5C21 3.5 24.3 3.8 28.5 8C32.7 12.2 33 15.5 33 15.5\" stroke=\"#F27061\" stroke-width=\"2\" stroke-linecap=\"round\"\/>\n                    <path d=\"M21.3125 8.80273C21.3125 8.80273 22.7974 9.227 25.0248 11.4544C27.2522 13.6818 27.6765 15.1667 27.6765 15.1667\" stroke=\"#F27061\" stroke-width=\"2\" stroke-linecap=\"round\"\/>\n                    <path d=\"M15.0564 8.47426L16.0299 10.2187C16.9085 11.7929 16.5558 13.858 15.1721 15.2417C15.1721 15.2417 15.1721 15.2417 15.1721 15.2417C15.1719 15.2418 13.4938 16.9202 16.5368 19.9632C19.5791 23.0056 21.2575 21.3287 21.2583 21.3279C21.2583 21.3279 21.2583 21.3279 21.2583 21.3279C22.642 19.9442 24.7071 19.5915 26.2813 20.4701L28.0257 21.4436C30.4028 22.7702 30.6836 26.1039 28.5942 28.1933C27.3386 29.4488 25.8006 30.4257 24.1004 30.4902C21.2382 30.5987 16.3774 29.8743 11.5016 24.9984C6.62569 20.1226 5.90132 15.2618 6.00983 12.3996C6.07428 10.6994 7.0512 9.16135 8.30671 7.90585C10.3961 5.81642 13.7298 6.09716 15.0564 8.47426Z\" stroke=\"#F27061\" stroke-width=\"2\" stroke-linecap=\"round\"\/>\n                <\/svg>\n                <span data-text-size=\"30px\" data-text-color=\"#F27061\" class=\"no-more-class font-bold\">\n                    0850 305 50 52                <\/span>\n\t        <\/div>\n\t\t\t[vc_separator color=&#8221;white&#8221; css=&#8221;.vc_custom_1718634935774{margin-top: 12px !important;margin-bottom: 12px !important;}&#8221;]\t\t\t<div \n\t\t\tid=\"email-button-69ea8fab2fcdd\" \n\t\t\tdata-border-width=\"1px\"\n\t\t\tdata-border-color=\"#436cff\"\n\t\t\tdata-border-style=\"solid\"\n\n\t\t\t\t\t\tdata-border-radius=\"100px\"\n\t\t\t\n\t\t\t\t\t\tdata-max-width=\"288px\"\n\t\t\t\n\t\t\tclass=\"transition ease-in-out delay-150 hover:-translate-y-1 hover:scale-100 duration-300 btn btn-primary-outlined shortcode-hotline flex items-center gap-3 mt-24\">\n\t\t\t\t<svg xmlns=\"http:\/\/www.w3.org\/2000\/svg\" width=\"20\" height=\"20\" viewBox=\"0 0 20 20\" fill=\"none\">\n\t\t\t\t\t<path d=\"M7.5013 9.99935C7.5013 10.4596 7.12821 10.8327 6.66797 10.8327C6.20773 10.8327 5.83464 10.4596 5.83464 9.99935C5.83464 9.53911 6.20773 9.16602 6.66797 9.16602C7.12821 9.16602 7.5013 9.53911 7.5013 9.99935Z\" fill=\"#436cff\"\/>\n\t\t\t\t\t<path d=\"M10.8346 9.99935C10.8346 10.4596 10.4615 10.8327 10.0013 10.8327C9.54107 10.8327 9.16797 10.4596 9.16797 9.99935C9.16797 9.53911 9.54107 9.16602 10.0013 9.16602C10.4615 9.16602 10.8346 9.53911 10.8346 9.99935Z\" fill=\"#436cff\"\/>\n\t\t\t\t\t<path d=\"M14.168 9.99935C14.168 10.4596 13.7949 10.8327 13.3346 10.8327C12.8744 10.8327 12.5013 10.4596 12.5013 9.99935C12.5013 9.53911 12.8744 9.16602 13.3346 9.16602C13.7949 9.16602 14.168 9.53911 14.168 9.99935Z\" fill=\"#436cff\"\/>\n\t\t\t\t\t<path fill-rule=\"evenodd\" clip-rule=\"evenodd\" d=\"M18.9596 9.99935C18.9596 5.0518 14.9489 1.04102 10.0013 1.04102C5.05375 1.04102 1.04297 5.0518 1.04297 9.99935C1.04297 11.4313 1.37939 12.7864 1.97807 13.9884C2.06741 14.1678 2.08636 14.3509 2.04514 14.505L1.5488 16.36C1.20903 17.6299 2.37077 18.7916 3.64064 18.4519L5.49567 17.9555C5.64975 17.9143 5.83289 17.9332 6.01226 18.0226C7.21424 18.6213 8.56938 18.9577 10.0013 18.9577C14.9489 18.9577 18.9596 14.9469 18.9596 9.99935ZM10.0013 2.29102C14.2585 2.29102 17.7096 5.74215 17.7096 9.99935C17.7096 14.2565 14.2585 17.7077 10.0013 17.7077C8.76709 17.7077 7.60231 17.4181 6.56956 16.9037C6.15506 16.6972 5.65941 16.6177 5.17258 16.748L3.31755 17.2443C2.97685 17.3355 2.66516 17.0238 2.75632 16.6831L3.25266 14.8281C3.38292 14.3412 3.30342 13.8456 3.09697 13.4311C2.58257 12.3983 2.29297 11.2336 2.29297 9.99935C2.29297 5.74215 5.74411 2.29102 10.0013 2.29102Z\" fill=\"#436cff\"\/>\n\t\t\t\t<\/svg>\n                <span data-text-size=\"16px\" data-text-color=\"#436cff\" class=\"no-more-class font-medium\">\n                    tema@wt.tr                <\/span>\n\t        <\/div>\n\t\t\t[vc_separator color=&#8221;custom&#8221; border_width=&#8221;2&#8243; css=&#8221;.vc_custom_1718634779355{margin-top: 40px !important;margin-bottom: 40px !important;}&#8221; accent_color=&#8221;#f6f6f6&#8243;]\t\t<div class=\"ps-section ps-section--social\">\n\t\t\t\t        <div class=\"flex flex-col gap-7\">\n                <h3 class=\"text-xl font-semibold no-more-class\">Bizi takip edin<\/h3>\n                <ul class=\"flex items-center gap-6\">                        <li><a href=\"#\" target=\"_blank\"><i class=\"fa-brands fa-square-facebook text-xl !text-[#0866FF]\"><\/i><\/a><\/li>\n                                            <li><a href=\"#\" target=\"_blank\"><i class=\"fa-brands fa-square-x-twitter text-xl !text-[#343434]\"><\/i><\/a><\/li>\n                                            <li><a href=\"#\" target=\"_blank\"><i class=\"fa-brands fa-square-instagram text-xl !text-[#bd081c]\"><\/i><\/a><\/li>\n                                            <li><a href=\"#\" target=\"_blank\"><i class=\"fa-brands fa-square-pinterest text-xl !text-[#bd081c]\"><\/i><\/a><\/li>\n                                            <li><a href=\"#\" target=\"_blank\"><i class=\"fa-brands fa-square-youtube text-xl\"><\/i><\/a><\/li>\n                                            <li><a href=\"#\" target=\"_blank\"><i class=\"fa-brands fa-linkedin text-xl !text-[#0A66C2]\"><\/i><\/a><\/li>\n                    <\/ul>\t\t\t<\/div>\n\t    <\/div>\n\t\t[\/vc_column][vc_column width=&#8221;2\/3&#8243; css=&#8221;.vc_custom_1718716103475{margin-top: 10px !important;}&#8221;]\t\t<div class=\"ps-section ps-section--contact-form\">\n\t\t\t\t        <div class=\"flex flex-col gap-6\">\n\t\t\t\t<div\n\t\t\t\tclass=\"hidden p-4 text-sm text-red-800 rounded-lg bg-red-300\" \n\t\t\t\t:class=\"{ '!flex': formContact.errors.length }\"\n\t\t\t\trole=\"alert\">\n\t\t\t\t\t<svg class=\"flex-shrink-0 inline w-4 h-4 me-3 mt-[2px]\" aria-hidden=\"true\" xmlns=\"http:\/\/www.w3.org\/2000\/svg\" fill=\"currentColor\" viewBox=\"0 0 20 20\">\n\t\t\t\t\t\t<path d=\"M10 .5a9.5 9.5 0 1 0 9.5 9.5A9.51 9.51 0 0 0 10 .5ZM9.5 4a1.5 1.5 0 1 1 0 3 1.5 1.5 0 0 1 0-3ZM12 15H8a1 1 0 0 1 0-2h1v-3H8a1 1 0 0 1 0-2h2a1 1 0 0 1 1 1v4h1a1 1 0 0 1 0 2Z\"\/>\n\t\t\t\t\t<\/svg>\n\t\t\t\t\t<div>\n\t\t\t\t\t\t<span class=\"font-medium\">Please correct the following error(s):<\/span>\n\t\t\t\t\t\t<ul class=\"mt-1.5 list-disc list-inside\">\n\t\t\t\t\t\t\t<li class=\"text-sm\" v-for=\"error in formContact.errors\">{{ error.message }}<\/li>\n\t\t\t\t\t\t<\/ul>\n\t\t\t\t\t<\/div>\n\t\t\t\t<\/div>\n\t\t\t\t<div class=\"grid grid-cols-1 md:grid-cols-3 gap-3\">\n\t\t\t\t\t<div class=\"flex flex-col\">\n\t\t\t\t\t\t<label for=\"name\" class=\"text-sm text-gray-600\">Ad\u0131n\u0131z<\/label>\n\t\t\t\t\t\t<input v-model=\"formContact.name\" type=\"text\" name=\"name\" id=\"name\" class=\"border border-gray-300 rounded p-3\" placeholder=\"Ad\u0131n\u0131z\">\n\t\t\t\t\t<\/div>\n\t\t\t\t\t<div class=\"flex flex-col\">\n\t\t\t\t\t\t<label for=\"email\" class=\"text-sm text-gray-600\">E-Mail Adresiniz<\/label>\n\t\t\t\t\t\t<input v-model=\"formContact.email\" type=\"email\" name=\"email\" id=\"email\" class=\"border border-gray-300 rounded p-3\" placeholder=\"E-Mail Adresiniz\">\n\t\t\t\t\t<\/div>\n\t\t\t\t\t<div class=\"flex flex-col\">\n\t\t\t\t\t\t<label for=\"phone\" class=\"text-sm text-gray-600\">Telefon Numaran\u0131z<\/label>\n\t\t\t\t\t\t<input v-model=\"formContact.phone\" type=\"text\" name=\"phone\" id=\"phone\" class=\"border border-gray-300 rounded p-3\" placeholder=\"Telefon Numaran\u0131z\">\n\t\t\t\t\t<\/div>\n\t\t\t\t<\/div>\n\t\t\t\t<div class=\"grid grid-rows-1 grid-flow-col gap-3\">\n\t\t\t\t\t<div class=\"flex flex-col\">\n\t\t\t\t\t\t<label for=\"message\" class=\"text-sm text-gray-600\">Mesaj\u0131n\u0131z<\/label>\n\t\t\t\t\t\t<textarea v-model=\"formContact.message\" rows=\"6\" name=\"message\" id=\"message\" class=\"border border-gray-300 rounded p-3\" placeholder=\"Mesaj\u0131n\u0131z\"><\/textarea>\n\t\t\t\t\t<\/div>\n\t\t\t\t<\/div>\n\t\t\t\t<div class=\"grid grid-rows-1 grid-flow-col gap-3\">\n\t\t\t\t\t<div class=\"flex flex-col\">\n\t\t\t\t\t\t<button \n\t\t\t\t\t\tclass=\"transition ease-in-out delay-150 hover:-translate-y-1 hover:scale-100 duration-300 btn btn-primary\" \n\t\t\t\t\t\t:class=\"{ 'cursor-not-allowed': formContact.message === '' }\"\n\t\t\t\t\t\t@click=\"submitContactForm\">\n\t\t\t\t\t\t\t<svg v-if=\"formContact.loading\" aria-hidden=\"true\" role=\"status\" class=\"inline w-4 h-4 me-3 text-white animate-spin\" viewBox=\"0 0 100 101\" fill=\"none\" xmlns=\"http:\/\/www.w3.org\/2000\/svg\">\n\t\t\t\t\t\t\t\t<path d=\"M100 50.5908C100 78.2051 77.6142 100.591 50 100.591C22.3858 100.591 0 78.2051 0 50.5908C0 22.9766 22.3858 0.59082 50 0.59082C77.6142 0.59082 100 22.9766 100 50.5908ZM9.08144 50.5908C9.08144 73.1895 27.4013 91.5094 50 91.5094C72.5987 91.5094 90.9186 73.1895 90.9186 50.5908C90.9186 27.9921 72.5987 9.67226 50 9.67226C27.4013 9.67226 9.08144 27.9921 9.08144 50.5908Z\" fill=\"#E5E7EB\"\/>\n\t\t\t\t\t\t\t\t<path d=\"M93.9676 39.0409C96.393 38.4038 97.8624 35.9116 97.0079 33.5539C95.2932 28.8227 92.871 24.3692 89.8167 20.348C85.8452 15.1192 80.8826 10.7238 75.2124 7.41289C69.5422 4.10194 63.2754 1.94025 56.7698 1.05124C51.7666 0.367541 46.6976 0.446843 41.7345 1.27873C39.2613 1.69328 37.813 4.19778 38.4501 6.62326C39.0873 9.04874 41.5694 10.4717 44.0505 10.1071C47.8511 9.54855 51.7191 9.52689 55.5402 10.0491C60.8642 10.7766 65.9928 12.5457 70.6331 15.2552C75.2735 17.9648 79.3347 21.5619 82.5849 25.841C84.9175 28.9121 86.7997 32.2913 88.1811 35.8758C89.083 38.2158 91.5421 39.6781 93.9676 39.0409Z\" fill=\"currentColor\"\/>\n\t\t\t\t\t\t\t<\/svg>\n\t\t\t\t\t\t\tMesaj\u0131n\u0131z\u0131 G\u00f6nderin\t\t\t\t\t\t<\/button>\n\t\t\t\t\t<\/div>\n\t\t\t\t<\/div>\n\t\t\t<\/div>\n\t    <\/div>\n\t\t[\/vc_column][\/vc_row][vc_row][vc_column][\/vc_column][\/vc_row][vc_row][vc_column][vc_gmaps link=&#8221;#E-8_JTNDaWZyYW1lJTIwc3JjJTNEJTIyaHR0cHMlM0ElMkYlMkZ3d3cuZ29vZ2xlLmNvbSUyRm1hcHMlMkZlbWJlZCUzRnBiJTNEJTIxMW0xOCUyMTFtMTIlMjExbTMlMjExZDYzMDQuODI5OTg2MTMxMjcxJTIxMmQtMTIyLjQ3NDY5NjgwMzMwOTIlMjEzZDM3LjgwMzc0NzUyMTYwNDQzJTIxMm0zJTIxMWYwJTIxMmYwJTIxM2YwJTIxM20yJTIxMWkxMDI0JTIxMmk3NjglMjE0ZjEzLjElMjEzbTMlMjExbTIlMjExczB4ODA4NTg2ZTYzMDI2MTVhMSUyNTNBMHg4NmJkMTMwMjUxNzU3YzAwJTIxMnNTdG9yZXklMkJBdmUlMjUyQyUyQlNhbiUyQkZyYW5jaXNjbyUyNTJDJTJCQ0ElMkI5NDEyOSUyMTVlMCUyMTNtMiUyMTFzZW4lMjEyc3VzJTIxNHYxNDM1ODI2NDMyMDUxJTIyJTIwd2lkdGglM0QlMjIxMDAlMjUlMjIlMjBoZWlnaHQlM0QlMjI0NTAlMjIlMjBmcmFtZWJvcmRlciUzRCUyMjAlMjIlMjBzdHlsZSUzRCUyMmJvcmRlciUzQTAlMjIlMjBhbGxvd2Z1bGxzY3JlZW4lM0UlM0MlMkZpZnJhbWUlM0U=&#8221; css=&#8221;&#8221;][\/vc_column][\/vc_row]<\/p>\n<\/div>","protected":false},"excerpt":{"rendered":"<p>[vc_row css=&#8221;.vc_custom_1718715744359{margin-bottom: 100px !important;}&#8221;][vc_column width=&#8221;1\/3&#8243; css=&#8221;.vc_custom_1718716065838{padding-right: 30px !important;}&#8221;][vc_separator color=&#8221;custom&#8221; border_width=&#8221;2&#8243; css=&#8221;.vc_custom_1718634757521{margin-top: 40px !important;margin-bottom: 40px !important;}&#8221; accent_color=&#8221;#f6f6f6&#8243;][vc_separator color=&#8221;white&#8221; css=&#8221;.vc_custom_1718634935774{margin-top: 12px !important;margin-bottom: 12px !important;}&#8221;][vc_separator color=&#8221;custom&#8221; border_width=&#8221;2&#8243; css=&#8221;.vc_custom_1718634779355{margin-top: 40px !important;margin-bottom: 40px !important;}&#8221; accent_color=&#8221;#f6f6f6&#8243;][\/vc_column][vc_column width=&#8221;2\/3&#8243; css=&#8221;.vc_custom_1718716103475{margin-top: 10px !important;}&#8221;][\/vc_column][\/vc_row][vc_row][vc_column][\/vc_column][\/vc_row][vc_row][vc_column][vc_gmaps link=&#8221;#E-8_JTNDaWZyYW1lJTIwc3JjJTNEJTIyaHR0cHMlM0ElMkYlMkZ3d3cuZ29vZ2xlLmNvbSUyRm1hcHMlMkZlbWJlZCUzRnBiJTNEJTIxMW0xOCUyMTFtMTIlMjExbTMlMjExZDYzMDQuODI5OTg2MTMxMjcxJTIxMmQtMTIyLjQ3NDY5NjgwMzMwOTIlMjEzZDM3LjgwMzc0NzUyMTYwNDQzJTIxMm0zJTIxMWYwJTIxMmYwJTIxM2YwJTIxM20yJTIxMWkxMDI0JTIxMmk3NjglMjE0ZjEzLjElMjEzbTMlMjExbTIlMjExczB4ODA4NTg2ZTYzMDI2MTVhMSUyNTNBMHg4NmJkMTMwMjUxNzU3YzAwJTIxMnNTdG9yZXklMkJBdmUlMjUyQyUyQlNhbiUyQkZyYW5jaXNjbyUyNTJDJTJCQ0ElMkI5NDEyOSUyMTVlMCUyMTNtMiUyMTFzZW4lMjEyc3VzJTIxNHYxNDM1ODI2NDMyMDUxJTIyJTIwd2lkdGglM0QlMjIxMDAlMjUlMjIlMjBoZWlnaHQlM0QlMjI0NTAlMjIlMjBmcmFtZWJvcmRlciUzRCUyMjAlMjIlMjBzdHlsZSUzRCUyMmJvcmRlciUzQTAlMjIlMjBhbGxvd2Z1bGxzY3JlZW4lM0UlM0MlMkZpZnJhbWUlM0U=&#8221; css=&#8221;&#8221;][\/vc_column][\/vc_row]<\/p>\n","protected":false},"author":1,"featured_media":0,"parent":0,"menu_order":0,"comment_status":"closed","ping_status":"closed","template":"template\/full.php","meta":{"footnotes":""},"class_list":["post-175","page","type-page","status-publish","hentry"],"_links":{"self":[{"href":"https:\/\/demo.wt.tr\/eticaret-2\/wp-json\/wp\/v2\/pages\/175","targetHints":{"allow":["GET"]}}],"collection":[{"href":"https:\/\/demo.wt.tr\/eticaret-2\/wp-json\/wp\/v2\/pages"}],"about":[{"href":"https:\/\/demo.wt.tr\/eticaret-2\/wp-json\/wp\/v2\/types\/page"}],"author":[{"embeddable":true,"href":"https:\/\/demo.wt.tr\/eticaret-2\/wp-json\/wp\/v2\/users\/1"}],"replies":[{"embeddable":true,"href":"https:\/\/demo.wt.tr\/eticaret-2\/wp-json\/wp\/v2\/comments?post=175"}],"version-history":[{"count":3,"href":"https:\/\/demo.wt.tr\/eticaret-2\/wp-json\/wp\/v2\/pages\/175\/revisions"}],"predecessor-version":[{"id":1689,"href":"https:\/\/demo.wt.tr\/eticaret-2\/wp-json\/wp\/v2\/pages\/175\/revisions\/1689"}],"wp:attachment":[{"href":"https:\/\/demo.wt.tr\/eticaret-2\/wp-json\/wp\/v2\/media?parent=175"}],"curies":[{"name":"wp","href":"https:\/\/api.w.org\/{rel}","templated":true}]}}