{"id":126,"date":"2015-12-25T17:11:42","date_gmt":"2015-12-25T17:11:42","guid":{"rendered":"http:\/\/strongholdthemes.com\/dentalcare\/?page_id=126"},"modified":"2015-12-25T17:11:42","modified_gmt":"2015-12-25T17:11:42","slug":"blog-grid","status":"publish","type":"page","link":"https:\/\/demo.wt.tr\/dental\/blog-grid\/","title":{"rendered":"Blog Grid"},"content":{"rendered":"\t\t<div data-elementor-type=\"wp-page\" data-elementor-id=\"126\" class=\"elementor elementor-126\">\n\t\t\t\t\t\t<section class=\"elementor-section elementor-top-section elementor-element elementor-element-1662201 elementor-section-boxed elementor-section-height-default elementor-section-height-default\" data-id=\"1662201\" data-element_type=\"section\">\n\t\t\t\t\t\t<div class=\"elementor-container elementor-column-gap-default\">\n\t\t\t\t\t<div class=\"elementor-column elementor-col-100 elementor-top-column elementor-element elementor-element-bbf8022\" data-id=\"bbf8022\" data-element_type=\"column\">\n\t\t\t<div class=\"elementor-widget-wrap elementor-element-populated\">\n\t\t\t\t\t\t<div class=\"elementor-element elementor-element-9b7bc7e elementor-widget elementor-widget-dental-care-blog\" data-id=\"9b7bc7e\" data-element_type=\"widget\" data-widget_type=\"dental-care-blog.default\">\n\t\t\t\t<div class=\"elementor-widget-container\">\n\t\t\t\t\t<div class=\"dental-care-blog-grid-wrapper\"><div class=\"row\"><div class=\"dental-care-blog-item col-md-4\"><div class=\"blog-index-featured\"><a href=\"https:\/\/demo.wt.tr\/dental\/2023\/01\/21\/outstanding-dental-care\/\"><img fetchpriority=\"high\" decoding=\"async\" width=\"370\" height=\"260\" src=\"https:\/\/demo.wt.tr\/dental\/wp-content\/uploads\/sites\/5\/2025\/01\/Depositphotos_65981263_original-1-370x260.jpg\" class=\"attachment-dental-care-block-thumb size-dental-care-block-thumb wp-post-image\" alt=\"\" srcset=\"https:\/\/demo.wt.tr\/dental\/wp-content\/uploads\/sites\/5\/2025\/01\/Depositphotos_65981263_original-1-370x260.jpg 370w, https:\/\/demo.wt.tr\/dental\/wp-content\/uploads\/sites\/5\/2025\/01\/Depositphotos_65981263_original-1-300x211.jpg 300w, https:\/\/demo.wt.tr\/dental\/wp-content\/uploads\/sites\/5\/2025\/01\/Depositphotos_65981263_original-1-600x422.jpg 600w, https:\/\/demo.wt.tr\/dental\/wp-content\/uploads\/sites\/5\/2025\/01\/Depositphotos_65981263_original-1.jpg 750w\" sizes=\"(max-width: 370px) 100vw, 370px\" \/><\/a><div class=\"blog-date-overlay\"><span class=\"blog-overlay-day\">21st<\/span> <span class=\"blog-overlay-month\">Oca<\/span> <\/div><\/div><div class=\"dental-care-blog-info\"><h5><a class=\"entry-title-link\" href=\"https:\/\/demo.wt.tr\/dental\/2023\/01\/21\/outstanding-dental-care\/\">\u00dcst\u00fcn Di\u015f Bak\u0131m\u0131<\/a><\/h5><div class=\"entry-meta entry-meta-bottom\"><div class=\"author-info\"><img decoding=\"async\" src=\"https:\/\/secure.gravatar.com\/avatar\/972a2ece20e09dfeeb6d4538da80db0deab8cfb7476f51a8bb6fb926791f472b?s=96&#038;d=mm&#038;r=g\" alt=\"Author Image\" width=\"30\" height=\"30\"><a href=\"https:\/\/demo.wt.tr\/dental\/author\/wt_admin\/\">wt_admin<\/a><\/div><\/div><\/div><\/div><div class=\"dental-care-blog-item col-md-4\"><div class=\"blog-index-featured\"><a href=\"https:\/\/demo.wt.tr\/dental\/2023\/01\/21\/oral-hygiene-for-your-child\/\"><img decoding=\"async\" width=\"370\" height=\"260\" src=\"https:\/\/demo.wt.tr\/dental\/wp-content\/uploads\/sites\/5\/2025\/01\/service-gallery5-370x260.jpg\" class=\"attachment-dental-care-block-thumb size-dental-care-block-thumb wp-post-image\" alt=\"\" \/><\/a><div class=\"blog-date-overlay\"><span class=\"blog-overlay-day\">21st<\/span> <span class=\"blog-overlay-month\">Oca<\/span> <\/div><\/div><div class=\"dental-care-blog-info\"><h5><a class=\"entry-title-link\" href=\"https:\/\/demo.wt.tr\/dental\/2023\/01\/21\/oral-hygiene-for-your-child\/\">\u00c7ocu\u011funuz \u0130\u00e7in A\u011f\u0131z Hijyeni<\/a><\/h5><div class=\"entry-meta entry-meta-bottom\"><div class=\"author-info\"><img decoding=\"async\" src=\"https:\/\/secure.gravatar.com\/avatar\/972a2ece20e09dfeeb6d4538da80db0deab8cfb7476f51a8bb6fb926791f472b?s=96&#038;d=mm&#038;r=g\" alt=\"Author Image\" width=\"30\" height=\"30\"><a href=\"https:\/\/demo.wt.tr\/dental\/author\/wt_admin\/\">wt_admin<\/a><\/div><\/div><\/div><\/div><div class=\"dental-care-blog-item col-md-4\"><div class=\"blog-index-featured\"><a href=\"https:\/\/demo.wt.tr\/dental\/2023\/01\/21\/whitening-kits-vs-in-office-whitening\/\"><img loading=\"lazy\" decoding=\"async\" width=\"370\" height=\"260\" src=\"https:\/\/demo.wt.tr\/dental\/wp-content\/uploads\/sites\/5\/2025\/01\/service-gallery1-370x260.jpg\" class=\"attachment-dental-care-block-thumb size-dental-care-block-thumb wp-post-image\" alt=\"\" \/><\/a><div class=\"blog-date-overlay\"><span class=\"blog-overlay-day\">21st<\/span> <span class=\"blog-overlay-month\">Oca<\/span> <\/div><\/div><div class=\"dental-care-blog-info\"><h5><a class=\"entry-title-link\" href=\"https:\/\/demo.wt.tr\/dental\/2023\/01\/21\/whitening-kits-vs-in-office-whitening\/\">Beyazlatma Kitleri ve Ofiste Beyazlatma<\/a><\/h5><div class=\"entry-meta entry-meta-bottom\"><div class=\"author-info\"><img decoding=\"async\" src=\"https:\/\/secure.gravatar.com\/avatar\/972a2ece20e09dfeeb6d4538da80db0deab8cfb7476f51a8bb6fb926791f472b?s=96&#038;d=mm&#038;r=g\" alt=\"Author Image\" width=\"30\" height=\"30\"><a href=\"https:\/\/demo.wt.tr\/dental\/author\/wt_admin\/\">wt_admin<\/a><\/div><\/div><\/div><\/div><\/div><div class=\"row\"><div class=\"dental-care-blog-item col-md-4\"><div class=\"gallery-featured-index\"><div class=\"gallery-featured-slider\"><a class=\"gallery-slide-img\" href=\"https:\/\/demo.wt.tr\/dental\/2023\/01\/21\/steps-to-prevent-dental-caries\/\"> <img loading=\"lazy\" decoding=\"async\" width=\"370\" height=\"260\" src=\"https:\/\/demo.wt.tr\/dental\/wp-content\/uploads\/sites\/5\/2016\/01\/dummypic1-370x260.jpg\" class=\"attachment-dental-care-block-thumb size-dental-care-block-thumb\" alt=\"\" \/> <\/a><a class=\"gallery-slide-img\" href=\"https:\/\/demo.wt.tr\/dental\/2023\/01\/21\/steps-to-prevent-dental-caries\/\"> <img loading=\"lazy\" decoding=\"async\" width=\"370\" height=\"260\" src=\"https:\/\/demo.wt.tr\/dental\/wp-content\/uploads\/sites\/5\/2016\/01\/dummypic1a-370x260.jpg\" class=\"attachment-dental-care-block-thumb size-dental-care-block-thumb\" alt=\"\" \/> <\/a><\/div><\/div><div class=\"dental-care-blog-info\"><h5><a class=\"entry-title-link\" href=\"https:\/\/demo.wt.tr\/dental\/2023\/01\/21\/steps-to-prevent-dental-caries\/\">Di\u015f \u00c7\u00fcr\u00fcklerini \u00d6nleme Ad\u0131mlar\u0131<\/a><\/h5><div class=\"entry-meta entry-meta-bottom\"><div class=\"author-info\"><img decoding=\"async\" src=\"https:\/\/secure.gravatar.com\/avatar\/972a2ece20e09dfeeb6d4538da80db0deab8cfb7476f51a8bb6fb926791f472b?s=96&#038;d=mm&#038;r=g\" alt=\"Author Image\" width=\"30\" height=\"30\"><a href=\"https:\/\/demo.wt.tr\/dental\/author\/wt_admin\/\">wt_admin<\/a><\/div><\/div><\/div><\/div><div class=\"dental-care-blog-item col-md-4\"><div class=\"blog-index-featured\"><a href=\"https:\/\/demo.wt.tr\/dental\/2023\/01\/21\/the-right-braces-for-you\/\"><img loading=\"lazy\" decoding=\"async\" width=\"370\" height=\"260\" src=\"https:\/\/demo.wt.tr\/dental\/wp-content\/uploads\/sites\/5\/2025\/01\/Depositphotos_28575329_original-370x260.jpg\" class=\"attachment-dental-care-block-thumb size-dental-care-block-thumb wp-post-image\" alt=\"\" \/><\/a><div class=\"blog-date-overlay\"><span class=\"blog-overlay-day\">21st<\/span> <span class=\"blog-overlay-month\">Oca<\/span> <\/div><\/div><div class=\"dental-care-blog-info\"><h5><a class=\"entry-title-link\" href=\"https:\/\/demo.wt.tr\/dental\/2023\/01\/21\/the-right-braces-for-you\/\">Sizin \u0130\u00e7in Do\u011fru Di\u015f Telleri<\/a><\/h5><div class=\"entry-meta entry-meta-bottom\"><div class=\"author-info\"><img decoding=\"async\" src=\"https:\/\/secure.gravatar.com\/avatar\/972a2ece20e09dfeeb6d4538da80db0deab8cfb7476f51a8bb6fb926791f472b?s=96&#038;d=mm&#038;r=g\" alt=\"Author Image\" width=\"30\" height=\"30\"><a href=\"https:\/\/demo.wt.tr\/dental\/author\/wt_admin\/\">wt_admin<\/a><\/div><\/div><\/div><\/div><div class=\"dental-care-blog-item col-md-4\"><div class=\"gallery-featured-index\"><div class=\"gallery-featured-slider\"><a class=\"gallery-slide-img\" href=\"https:\/\/demo.wt.tr\/dental\/2023\/01\/21\/the-importance-of-routine-dental-exams\/\"> <img loading=\"lazy\" decoding=\"async\" width=\"370\" height=\"260\" src=\"https:\/\/demo.wt.tr\/dental\/wp-content\/uploads\/sites\/5\/2016\/01\/dummypic1-370x260.jpg\" class=\"attachment-dental-care-block-thumb size-dental-care-block-thumb\" alt=\"\" \/> <\/a><a class=\"gallery-slide-img\" href=\"https:\/\/demo.wt.tr\/dental\/2023\/01\/21\/the-importance-of-routine-dental-exams\/\"> <img loading=\"lazy\" decoding=\"async\" width=\"370\" height=\"260\" src=\"https:\/\/demo.wt.tr\/dental\/wp-content\/uploads\/sites\/5\/2016\/01\/dummypic1a-370x260.jpg\" class=\"attachment-dental-care-block-thumb size-dental-care-block-thumb\" alt=\"\" \/> <\/a><\/div><\/div><div class=\"dental-care-blog-info\"><h5><a class=\"entry-title-link\" href=\"https:\/\/demo.wt.tr\/dental\/2023\/01\/21\/the-importance-of-routine-dental-exams\/\">Rutin Di\u015f Muayenelerinin \u00d6nemi<\/a><\/h5><div class=\"entry-meta entry-meta-bottom\"><div class=\"author-info\"><img decoding=\"async\" src=\"https:\/\/secure.gravatar.com\/avatar\/972a2ece20e09dfeeb6d4538da80db0deab8cfb7476f51a8bb6fb926791f472b?s=96&#038;d=mm&#038;r=g\" alt=\"Author Image\" width=\"30\" height=\"30\"><a href=\"https:\/\/demo.wt.tr\/dental\/author\/wt_admin\/\">wt_admin<\/a><\/div><\/div><\/div><\/div><\/div><div class=\"row\"><\/div><\/div> \t\t\t\t<\/div>\n\t\t\t\t<\/div>\n\t\t\t\t\t<\/div>\n\t\t<\/div>\n\t\t\t\t\t<\/div>\n\t\t<\/section>\n\t\t\t\t<\/div>\n\t\t","protected":false},"excerpt":{"rendered":"<p>21st Jan Outstanding Dental Care strongholdadmin21st Jan Oral Hygiene for Your Child strongholdadmin21st Jan Whitening Kits vs In-Office Whitening strongholdadmin Steps to Prevent Dental Caries strongholdadmin21st Jan The Right Braces for You strongholdadmin The Importance of Routine Dental Exams strongholdadmin<\/p>\n","protected":false},"author":1,"featured_media":0,"parent":0,"menu_order":0,"comment_status":"closed","ping_status":"closed","template":"","meta":{"footnotes":""},"class_list":["post-126","page","type-page","status-publish","hentry"],"_links":{"self":[{"href":"https:\/\/demo.wt.tr\/dental\/wp-json\/wp\/v2\/pages\/126","targetHints":{"allow":["GET"]}}],"collection":[{"href":"https:\/\/demo.wt.tr\/dental\/wp-json\/wp\/v2\/pages"}],"about":[{"href":"https:\/\/demo.wt.tr\/dental\/wp-json\/wp\/v2\/types\/page"}],"author":[{"embeddable":true,"href":"https:\/\/demo.wt.tr\/dental\/wp-json\/wp\/v2\/users\/1"}],"replies":[{"embeddable":true,"href":"https:\/\/demo.wt.tr\/dental\/wp-json\/wp\/v2\/comments?post=126"}],"version-history":[{"count":0,"href":"https:\/\/demo.wt.tr\/dental\/wp-json\/wp\/v2\/pages\/126\/revisions"}],"wp:attachment":[{"href":"https:\/\/demo.wt.tr\/dental\/wp-json\/wp\/v2\/media?parent=126"}],"curies":[{"name":"wp","href":"https:\/\/api.w.org\/{rel}","templated":true}]}}